{"id":27808,"date":"2025-04-01T03:58:15","date_gmt":"2025-04-01T03:58:15","guid":{"rendered":"https:\/\/semanasmusicales.cl\/?page_id=27808"},"modified":"2025-09-03T04:09:37","modified_gmt":"2025-09-03T04:09:37","slug":"blog","status":"publish","type":"page","link":"https:\/\/semanasmusicales.cl\/index.php\/blog\/","title":{"rendered":"blog"},"content":{"rendered":"\t\t<div data-elementor-type=\"wp-page\" data-elementor-id=\"27808\" class=\"elementor elementor-27808\" data-elementor-post-type=\"page\">\n\t\t\t\t<div class=\"elementor-element elementor-element-68533987 e-flex e-con-boxed e-con e-parent\" data-id=\"68533987\" data-element_type=\"container\" data-settings=\"{&quot;background_background&quot;:&quot;classic&quot;}\">\n\t\t\t\t\t<div class=\"e-con-inner\">\n\t\t\t\t\t<\/div>\n\t\t\t\t<\/div>\n\t\t<div class=\"elementor-element elementor-element-4075945 e-flex e-con-boxed e-con e-parent\" data-id=\"4075945\" data-element_type=\"container\">\n\t\t\t\t\t<div class=\"e-con-inner\">\n\t\t\t\t<div class=\"elementor-element elementor-element-cfa397f elementor-headline--style-highlight elementor-widget elementor-widget-animated-headline\" data-id=\"cfa397f\" data-element_type=\"widget\" data-settings=\"{&quot;highlighted_text&quot;:&quot;noticias&quot;,&quot;headline_style&quot;:&quot;highlight&quot;,&quot;marker&quot;:&quot;circle&quot;,&quot;loop&quot;:&quot;yes&quot;,&quot;highlight_animation_duration&quot;:1200,&quot;highlight_iteration_delay&quot;:8000}\" data-widget_type=\"animated-headline.default\">\n\t\t\t\t<div class=\"elementor-widget-container\">\n\t\t\t\t\t\t\t<h3 class=\"elementor-headline\">\n\t\t\t\t\t<span class=\"elementor-headline-plain-text elementor-headline-text-wrapper\">revisa todas nuestras<\/span>\n\t\t\t\t<span class=\"elementor-headline-dynamic-wrapper elementor-headline-text-wrapper\">\n\t\t\t\t\t<span class=\"elementor-headline-dynamic-text elementor-headline-text-active\">noticias<\/span>\n\t\t\t\t<\/span>\n\t\t\t\t<\/h3>\n\t\t\t\t\t\t<\/div>\n\t\t\t\t<\/div>\n\t\t\t\t\t<\/div>\n\t\t\t\t<\/div>\n\t\t<div class=\"elementor-element elementor-element-b1dab53 e-flex e-con-boxed e-con e-parent\" data-id=\"b1dab53\" data-element_type=\"container\">\n\t\t\t\t\t<div class=\"e-con-inner\">\n\t\t\t\t<div class=\"elementor-element elementor-element-60590bf elementor-grid-3 elementor-grid-tablet-2 elementor-grid-mobile-1 elementor-widget elementor-widget-portfolio\" data-id=\"60590bf\" data-element_type=\"widget\" data-settings=\"{&quot;row_gap&quot;:{&quot;unit&quot;:&quot;px&quot;,&quot;size&quot;:30,&quot;sizes&quot;:[]},&quot;columns&quot;:&quot;3&quot;,&quot;columns_tablet&quot;:&quot;2&quot;,&quot;columns_mobile&quot;:&quot;1&quot;,&quot;item_ratio&quot;:{&quot;unit&quot;:&quot;px&quot;,&quot;size&quot;:0.66,&quot;sizes&quot;:[]},&quot;item_gap&quot;:{&quot;unit&quot;:&quot;px&quot;,&quot;size&quot;:&quot;&quot;,&quot;sizes&quot;:[]}}\" data-widget_type=\"portfolio.default\">\n\t\t\t\t<div class=\"elementor-widget-container\">\n\t\t\t\t\t\t\t<ul class=\"elementor-portfolio__filters\">\n\t\t\t<li class=\"elementor-portfolio__filter elementor-active\" tabindex=\"0\" data-filter=\"__all\">All<\/li>\n\t\t\t\t\t\t\t<li class=\"elementor-portfolio__filter\" tabindex=\"0\" data-filter=\"61\">2026<\/li>\n\t\t\t\t\t\t\t<li class=\"elementor-portfolio__filter\" tabindex=\"0\" data-filter=\"49\">Enero<\/li>\n\t\t\t\t\t\t\t<li class=\"elementor-portfolio__filter\" tabindex=\"0\" data-filter=\"46\">Febrero<\/li>\n\t\t\t\t\t\t\t<li class=\"elementor-portfolio__filter\" tabindex=\"0\" data-filter=\"60\">Temporada 2026<\/li>\n\t\t\t\t\t\t\t<li class=\"elementor-portfolio__filter\" tabindex=\"0\" data-filter=\"1\">Uncategorized<\/li>\n\t\t\t\t\t<\/ul>\n\t\t\t\t<div class=\"elementor-portfolio elementor-grid elementor-posts-container\" role=\"list\">\n\t\t\t\t<article class=\"elementor-portfolio-item elementor-post elementor-filter-60 post-31091 post type-post status-publish format-standard has-post-thumbnail hentry category-temporada-2026\" role=\"listitem\">\n\t\t\t<a class=\"elementor-post__thumbnail__link\" href=\"https:\/\/semanasmusicales.cl\/index.php\/2026\/04\/10\/semanas-musicales-de-frutillar-inicia-programa-voces-contalleres-de-canto-coral-en-escuelas-rurales-de-la-comuna\/\">\n\t\t\t\t<div class=\"elementor-portfolio-item__img elementor-post__thumbnail\">\n\t\t\t<img fetchpriority=\"high\" decoding=\"async\" width=\"300\" height=\"225\" src=\"https:\/\/semanasmusicales.cl\/wp-content\/uploads\/2026\/04\/WhatsApp-Image-2026-04-10-at-12.04.41-300x225.jpeg\" class=\"attachment-medium size-medium wp-image-31092\" alt=\"\" srcset=\"https:\/\/semanasmusicales.cl\/wp-content\/uploads\/2026\/04\/WhatsApp-Image-2026-04-10-at-12.04.41-300x225.jpeg 300w, https:\/\/semanasmusicales.cl\/wp-content\/uploads\/2026\/04\/WhatsApp-Image-2026-04-10-at-12.04.41-1024x768.jpeg 1024w, https:\/\/semanasmusicales.cl\/wp-content\/uploads\/2026\/04\/WhatsApp-Image-2026-04-10-at-12.04.41-768x576.jpeg 768w, https:\/\/semanasmusicales.cl\/wp-content\/uploads\/2026\/04\/WhatsApp-Image-2026-04-10-at-12.04.41.jpeg 1280w\" sizes=\"(max-width: 300px) 100vw, 300px\" \/>\t\t<\/div>\n\t\t\t\t<div class=\"elementor-portfolio-item__overlay\">\n\t\t\t\t<h3 class=\"elementor-portfolio-item__title\">\n\t\tSemanas Musicales de Frutillar inicia programa \u201cVoces\u201d contalleres de canto coral en escuelas rurales de la comuna\t\t<\/h3>\n\t\t\t\t<\/div>\n\t\t\t\t<\/a>\n\t\t<\/article>\n\t\t\t\t<article class=\"elementor-portfolio-item elementor-post elementor-filter-60 post-31058 post type-post status-publish format-standard has-post-thumbnail hentry category-temporada-2026\" role=\"listitem\">\n\t\t\t<a class=\"elementor-post__thumbnail__link\" href=\"https:\/\/semanasmusicales.cl\/index.php\/2026\/03\/30\/semanas-musicales-de-frutillar-celebro-el-dia-del-piano\/\">\n\t\t\t\t<div class=\"elementor-portfolio-item__img elementor-post__thumbnail\">\n\t\t\t<img decoding=\"async\" width=\"300\" height=\"173\" src=\"https:\/\/semanasmusicales.cl\/wp-content\/uploads\/2026\/03\/IMG_2886-1-scaled-e1774885658899-300x173.jpeg\" class=\"attachment-medium size-medium wp-image-31089\" alt=\"\" srcset=\"https:\/\/semanasmusicales.cl\/wp-content\/uploads\/2026\/03\/IMG_2886-1-scaled-e1774885658899-300x173.jpeg 300w, https:\/\/semanasmusicales.cl\/wp-content\/uploads\/2026\/03\/IMG_2886-1-scaled-e1774885658899-1024x590.jpeg 1024w, https:\/\/semanasmusicales.cl\/wp-content\/uploads\/2026\/03\/IMG_2886-1-scaled-e1774885658899-768x443.jpeg 768w, https:\/\/semanasmusicales.cl\/wp-content\/uploads\/2026\/03\/IMG_2886-1-scaled-e1774885658899-1536x885.jpeg 1536w, https:\/\/semanasmusicales.cl\/wp-content\/uploads\/2026\/03\/IMG_2886-1-scaled-e1774885658899.jpeg 1570w\" sizes=\"(max-width: 300px) 100vw, 300px\" \/>\t\t<\/div>\n\t\t\t\t<div class=\"elementor-portfolio-item__overlay\">\n\t\t\t\t<h3 class=\"elementor-portfolio-item__title\">\n\t\tSEMANAS MUSICALES DE FRUTILLAR CELEBR\u00d3 EL D\u00cdA DEL PIANO\t\t<\/h3>\n\t\t\t\t<\/div>\n\t\t\t\t<\/a>\n\t\t<\/article>\n\t\t\t\t<article class=\"elementor-portfolio-item elementor-post elementor-filter-61 post-31045 post type-post status-publish format-standard has-post-thumbnail hentry category-61\" role=\"listitem\">\n\t\t\t<a class=\"elementor-post__thumbnail__link\" href=\"https:\/\/semanasmusicales.cl\/index.php\/2026\/03\/03\/semanas-musicales-de-frutillar-abren-postulaciones-para-los-conciertos-de-mediodia-de-la-temporada-59\/\">\n\t\t\t\t<div class=\"elementor-portfolio-item__img elementor-post__thumbnail\">\n\t\t\t<img decoding=\"async\" width=\"300\" height=\"169\" src=\"https:\/\/semanasmusicales.cl\/wp-content\/uploads\/2026\/03\/Diseno-sin-titulo-10-300x169.jpg\" class=\"attachment-medium size-medium wp-image-31037\" alt=\"\" srcset=\"https:\/\/semanasmusicales.cl\/wp-content\/uploads\/2026\/03\/Diseno-sin-titulo-10-300x169.jpg 300w, https:\/\/semanasmusicales.cl\/wp-content\/uploads\/2026\/03\/Diseno-sin-titulo-10-1024x576.jpg 1024w, https:\/\/semanasmusicales.cl\/wp-content\/uploads\/2026\/03\/Diseno-sin-titulo-10-768x432.jpg 768w, https:\/\/semanasmusicales.cl\/wp-content\/uploads\/2026\/03\/Diseno-sin-titulo-10-1536x864.jpg 1536w, https:\/\/semanasmusicales.cl\/wp-content\/uploads\/2026\/03\/Diseno-sin-titulo-10-2048x1152.jpg 2048w\" sizes=\"(max-width: 300px) 100vw, 300px\" \/>\t\t<\/div>\n\t\t\t\t<div class=\"elementor-portfolio-item__overlay\">\n\t\t\t\t<h3 class=\"elementor-portfolio-item__title\">\n\t\tSemanas Musicales de Frutillar abren postulaciones para los Conciertos de Mediod\u00eda de la Temporada 59\t\t<\/h3>\n\t\t\t\t<\/div>\n\t\t\t\t<\/a>\n\t\t<\/article>\n\t\t\t\t<article class=\"elementor-portfolio-item elementor-post elementor-filter-46 elementor-filter-60 elementor-filter-1 post-30999 post type-post status-publish format-standard has-post-thumbnail hentry category-febrero category-temporada-2026 category-uncategorized\" role=\"listitem\">\n\t\t\t<a class=\"elementor-post__thumbnail__link\" href=\"https:\/\/semanasmusicales.cl\/index.php\/2026\/02\/13\/hoy-recordamos-a-flora-inostroza-fundadora-de-semanas-musicales\/\">\n\t\t\t\t<div class=\"elementor-portfolio-item__img elementor-post__thumbnail\">\n\t\t\t<img loading=\"lazy\" decoding=\"async\" width=\"198\" height=\"300\" src=\"https:\/\/semanasmusicales.cl\/wp-content\/uploads\/2026\/02\/flora-198x300.png\" class=\"attachment-medium size-medium wp-image-31000\" alt=\"\" srcset=\"https:\/\/semanasmusicales.cl\/wp-content\/uploads\/2026\/02\/flora-198x300.png 198w, https:\/\/semanasmusicales.cl\/wp-content\/uploads\/2026\/02\/flora-676x1024.png 676w, https:\/\/semanasmusicales.cl\/wp-content\/uploads\/2026\/02\/flora.png 707w\" sizes=\"(max-width: 198px) 100vw, 198px\" \/>\t\t<\/div>\n\t\t\t\t<div class=\"elementor-portfolio-item__overlay\">\n\t\t\t\t<h3 class=\"elementor-portfolio-item__title\">\n\t\tHoy recordamos a Flora Inostroza, fundadora de Semanas Musicales\t\t<\/h3>\n\t\t\t\t<\/div>\n\t\t\t\t<\/a>\n\t\t<\/article>\n\t\t\t\t<article class=\"elementor-portfolio-item elementor-post elementor-filter-46 elementor-filter-60 post-30932 post type-post status-publish format-standard has-post-thumbnail hentry category-febrero category-temporada-2026\" role=\"listitem\">\n\t\t\t<a class=\"elementor-post__thumbnail__link\" href=\"https:\/\/semanasmusicales.cl\/index.php\/2026\/02\/06\/semanas-musicales-de-frutillar-cierra-con-exito-su-version-58-y-proyecta-la-celebracion-de-seis-decadas-de-historia\/\">\n\t\t\t\t<div class=\"elementor-portfolio-item__img elementor-post__thumbnail\">\n\t\t\t<img loading=\"lazy\" decoding=\"async\" width=\"300\" height=\"200\" src=\"https:\/\/semanasmusicales.cl\/wp-content\/uploads\/2026\/02\/Orquesta-Sinfonica-Nacional-de-Chile-y-Coro-Sinfonico-de-la-Universidad-de-Chile-en-el-concierto-de-clausura-4-300x200.jpg\" class=\"attachment-medium size-medium wp-image-30989\" alt=\"\" srcset=\"https:\/\/semanasmusicales.cl\/wp-content\/uploads\/2026\/02\/Orquesta-Sinfonica-Nacional-de-Chile-y-Coro-Sinfonico-de-la-Universidad-de-Chile-en-el-concierto-de-clausura-4-300x200.jpg 300w, https:\/\/semanasmusicales.cl\/wp-content\/uploads\/2026\/02\/Orquesta-Sinfonica-Nacional-de-Chile-y-Coro-Sinfonico-de-la-Universidad-de-Chile-en-el-concierto-de-clausura-4-1024x683.jpg 1024w, https:\/\/semanasmusicales.cl\/wp-content\/uploads\/2026\/02\/Orquesta-Sinfonica-Nacional-de-Chile-y-Coro-Sinfonico-de-la-Universidad-de-Chile-en-el-concierto-de-clausura-4-768x512.jpg 768w, https:\/\/semanasmusicales.cl\/wp-content\/uploads\/2026\/02\/Orquesta-Sinfonica-Nacional-de-Chile-y-Coro-Sinfonico-de-la-Universidad-de-Chile-en-el-concierto-de-clausura-4-1536x1024.jpg 1536w, https:\/\/semanasmusicales.cl\/wp-content\/uploads\/2026\/02\/Orquesta-Sinfonica-Nacional-de-Chile-y-Coro-Sinfonico-de-la-Universidad-de-Chile-en-el-concierto-de-clausura-4-2048x1365.jpg 2048w\" sizes=\"(max-width: 300px) 100vw, 300px\" \/>\t\t<\/div>\n\t\t\t\t<div class=\"elementor-portfolio-item__overlay\">\n\t\t\t\t<h3 class=\"elementor-portfolio-item__title\">\n\t\tSemanas Musicales de Frutillar cierra con \u00e9xito su versi\u00f3n 58 y proyecta la celebraci\u00f3n de seis d\u00e9cadas de historia\t\t<\/h3>\n\t\t\t\t<\/div>\n\t\t\t\t<\/a>\n\t\t<\/article>\n\t\t\t\t<article class=\"elementor-portfolio-item elementor-post elementor-filter-49 elementor-filter-60 post-30899 post type-post status-publish format-standard has-post-thumbnail hentry category-enero category-temporada-2026\" role=\"listitem\">\n\t\t\t<a class=\"elementor-post__thumbnail__link\" href=\"https:\/\/semanasmusicales.cl\/index.php\/2026\/02\/02\/la-versatilidad-del-acordeon-y-el-aniversario-25-de-la-foji-marcan-la-jornada\/\">\n\t\t\t\t<div class=\"elementor-portfolio-item__img elementor-post__thumbnail\">\n\t\t\t<img loading=\"lazy\" decoding=\"async\" width=\"300\" height=\"200\" src=\"https:\/\/semanasmusicales.cl\/wp-content\/uploads\/2026\/02\/5C2A9735-300x200.jpg\" class=\"attachment-medium size-medium wp-image-30918\" alt=\"\" srcset=\"https:\/\/semanasmusicales.cl\/wp-content\/uploads\/2026\/02\/5C2A9735-300x200.jpg 300w, https:\/\/semanasmusicales.cl\/wp-content\/uploads\/2026\/02\/5C2A9735-1024x683.jpg 1024w, https:\/\/semanasmusicales.cl\/wp-content\/uploads\/2026\/02\/5C2A9735-768x512.jpg 768w, https:\/\/semanasmusicales.cl\/wp-content\/uploads\/2026\/02\/5C2A9735-1536x1024.jpg 1536w, https:\/\/semanasmusicales.cl\/wp-content\/uploads\/2026\/02\/5C2A9735-2048x1365.jpg 2048w\" sizes=\"(max-width: 300px) 100vw, 300px\" \/>\t\t<\/div>\n\t\t\t\t<div class=\"elementor-portfolio-item__overlay\">\n\t\t\t\t<h3 class=\"elementor-portfolio-item__title\">\n\t\tLa versatilidad del acorde\u00f3n y el aniversario 25 de la FOJI marcan la jornada\t\t<\/h3>\n\t\t\t\t<\/div>\n\t\t\t\t<\/a>\n\t\t<\/article>\n\t\t\t\t<\/div>\n\t\t\t\t\t\t<\/div>\n\t\t\t\t<\/div>\n\t\t\t\t\t<\/div>\n\t\t\t\t<\/div>\n\t\t\t\t<\/div>\n\t\t","protected":false},"excerpt":{"rendered":"<p>revisa todas nuestras noticias<\/p>\n","protected":false},"author":1,"featured_media":0,"parent":0,"menu_order":0,"comment_status":"closed","ping_status":"closed","template":"","meta":{"footnotes":""},"class_list":["post-27808","page","type-page","status-publish","hentry"],"_links":{"self":[{"href":"https:\/\/semanasmusicales.cl\/index.php\/wp-json\/wp\/v2\/pages\/27808","targetHints":{"allow":["GET"]}}],"collection":[{"href":"https:\/\/semanasmusicales.cl\/index.php\/wp-json\/wp\/v2\/pages"}],"about":[{"href":"https:\/\/semanasmusicales.cl\/index.php\/wp-json\/wp\/v2\/types\/page"}],"author":[{"embeddable":true,"href":"https:\/\/semanasmusicales.cl\/index.php\/wp-json\/wp\/v2\/users\/1"}],"replies":[{"embeddable":true,"href":"https:\/\/semanasmusicales.cl\/index.php\/wp-json\/wp\/v2\/comments?post=27808"}],"version-history":[{"count":40,"href":"https:\/\/semanasmusicales.cl\/index.php\/wp-json\/wp\/v2\/pages\/27808\/revisions"}],"predecessor-version":[{"id":29669,"href":"https:\/\/semanasmusicales.cl\/index.php\/wp-json\/wp\/v2\/pages\/27808\/revisions\/29669"}],"wp:attachment":[{"href":"https:\/\/semanasmusicales.cl\/index.php\/wp-json\/wp\/v2\/media?parent=27808"}],"curies":[{"name":"wp","href":"https:\/\/api.w.org\/{rel}","templated":true}]}}